factors of 22201292?
2, 5550323
What are the prime factors of 360281?
17, 21193
What are the prime factors of 1220093?
7, 174299
List the prime factors of 334795.
5, 66959
List the prime factors of 49305.
3, 5, 19, 173
List the prime factors of 18265583.
7, 43, 8669
List the prime factors of 2332564.
2, 13, 31, 1447
What are the prime factors of 2749?
2749
List the prime factors of 1873368.
2, 3, 7, 59
List the prime factors of 144374.
2, 37, 1951
What are the prime factors of 1937091?
3, 13, 49669
List the prime factors of 4734437.
53, 89329
List the prime factors of 13181228.
2, 3295307
What are the prime factors of 81295?
5, 71, 229
What are the prime factors of 3212253?
3, 11, 71, 457
What are the prime factors of 17839171?
7, 17, 149909
List the prime factors of 24786.
2, 3, 17
What are the prime factors of 4291515?
3, 5, 83, 383
List the prime factors of 93600.
2, 3, 5, 13
List the prime factors of 486868.
2, 59, 2063
What are the prime factors of 6975496?
2, 11, 31, 2557
List the prime factors of 26085265.
5, 103, 50651
What are the prime factors of 14042933?
53, 264961
List the prime factors of 1647792.
2, 3, 11443
What are the prime factors of 16993393?
41, 89, 4657
List the prime factors of 1145414.
2, 572707
List the prime factors of 2427757.
109, 22273
List the prime factors of 837468.
2, 3, 43, 541
List the prime factors of 7358189.
7358189
List the prime factors of 152105.
5, 29, 1049
List the prime factors of 448305.
3, 5, 11, 13, 19
List the prime factors of 12675519.
3, 41, 34351
What are the prime factors of 30464?
2, 7, 17
What are the prime factors of 1678305?
3, 5, 127, 881
List the prime factors of 1829519.
1829519
List the prime factors of 120885.
3, 5, 8059
List the prime factors of 119071.
23, 31, 167
List the prime factors of 3495393.
3, 11, 3923
List the prime factors of 5264952.
2, 3, 7, 11, 37
List the prime factors of 289889.
289889
What are the prime factors of 804891?
3, 268297
What are the prime factors of 133918?
2, 66959
List the prime factors of 350066.
2, 101, 1733
What are the prime factors of 25035?
3, 5, 1669
List the prime factors of 684677.
7, 89, 157
List the prime factors of 418302.
2, 3, 17, 1367
What are the prime factors of 17611976?
2, 71, 101, 307
List the prime factors of 21363787.
433, 49339
What are the prime factors of 4177672?
2, 53, 59, 167
What are the prime factors of 2263729?
13, 23, 67, 113
List the prime factors of 4678978.
2, 17, 19, 7243
What are the prime factors of 4650387?
3, 7, 221447
List the prime factors of 376870.
2, 5, 13, 223
What are the prime factors of 744809?
13, 23, 47, 53
What are the prime factors of 924473?
11, 229, 367
What are the prime factors of 19779624?
2, 3, 29, 9473
What are the prime factors of 17162955?
3, 5, 127133
List the prime factors of 2913897.
3, 7, 19, 67, 109
What are the prime factors of 1171786?
2, 7, 11, 1087
What are the prime factors of 611337?
3, 17, 11987
What are the prime factors of 17381933?
29, 43, 53, 263
What are the prime factors of 5881352?
2, 735169
What are the prime factors of 1661612?
2, 23, 18061
What are the prime factors of 168275?
5, 53, 127
List the prime factors of 5946773.
7, 849539
What are the prime factors of 108544?
2, 53
What are the prime factors of 339585?
3, 5, 22639
List the prime factors of 842700.
2, 3, 5, 53
What are the prime factors of 655063?
19, 23, 1499
What are the prime factors of 555898?
2, 7, 59, 673
List the prime factors of 186859.
186859
What are the prime factors of 2408598?
2, 3, 133811
List the prime factors of 55618.
2, 27809
List the prime factors of 1662746.
2, 831373
What are the prime factors of 277710?
2, 3, 5, 9257
What are the prime factors of 2223822?
2, 3, 97, 3821
What are the prime factors of 889069?
889069
What are the prime factors of 367474?
2, 31, 5927
What are the prime factors of 9554404?
2, 167, 14303
List the prime factors of 12121.
17, 23, 31
What are the prime factors of 1129924?
2, 282481
What are the prime factors of 1847372?
2, 461843
What are the prime factors of 2891633?
307, 9419
List the prime factors of 238602.
2, 3, 7, 13, 19, 23
List the prime factors of 2055869.
199, 10331
List the prime factors of 74417.
7, 10631
List the prime factors of 1232850.
2, 3, 5, 8219
List the prime factors of 3448806.
2, 3, 574801
List the prime factors of 3147481.
23, 281, 487
List the prime factors of 84295.
5, 23, 733
What are the prime factors of 5338038?
2, 3, 889673
List the prime factors of 1342442.
2, 83, 8087
What are the prime factors of 126020?
2, 5, 6301
List the prime factors of 123206.
2, 61603
List the prime factors of 135226.
2, 7, 13, 743
List the prime factors of 12161046.
2, 3, 2026841
What are the prime factors of 5322474?
2, 3, 295693
What are the prime factors of 4564350?
2, 3, 5, 7, 23
List the prime factors of 3531328.
2, 23, 2399
What are the prime factors of 146157?
3, 11, 43, 103
What are the prime factors of 5440516?
2, 29, 46901
What are the prime factors of 434889?
3, 7, 13, 59
What are the prime factors of 409898?
2, 311, 659
List the prime factors of 12436.
2, 3109
What are the prime factors of 3456791?
13, 139, 1913
What are the prime factors of 1897382?
2, 383, 2477
What are the prime factors of 138003?
3, 157, 293
List the prime factors of 4516327.
4516327
What are the prime factors of 144643?
109, 1327
What are the prime factors of 1045417?
757, 1381
What are the prime factors of 649246?
2, 13, 24971
List the prime factors of 603688.
2, 59, 1279
List the prime factors of 287019.
3, 31891
List the prime factors of 310120.
2, 5, 7753
What are the prime factors of 673030?
2, 5, 17, 37, 107
List the prime factors of 24651816.
2, 3, 7, 19, 7723
What are the prime factors of 1213364?
2, 303341
List the prime factors of 18644828.
2, 4661207
List the prime factors of 1651412.
2, 7, 58979
What are the prime factors of 278709?
3, 61, 1523
What are the prime factors of 6690623?
6690623
What are the prime factors of 481291?
211, 2281
What are the prime factors of 13284975?
3, 5, 11, 16103
What are the prime factors of 2935560?
2, 3, 5, 17, 1439
List the prime factors of 1364344.
2, 199, 857
What are the prime factors of 2689736?
2, 7, 43, 1117
List the prime factors of 247246.
2, 181, 683
List the prime factors of 12167357.
12167357
List the prime factors of 73637.
73637
List the prime factors of 784549.
79, 9931
What are the prime factors of 1620304?
2, 7, 17, 23, 37
What are the prime factors of 4945273?
4945273
What are the prime factors of 4342549?
4342549
What are the prime factors of 14946932?
2, 7, 11, 13, 3733
List the prime factors of 786847.
19, 41413
What are the prime factors of 17081?
19, 29, 31
List the prime factors of 8727266.
2, 4363633
List the prime factors of 297213.
3, 7, 14153
What are the prime factors of 1562862?
2, 3, 7, 127, 293
List the prime factors of 1046217.
3, 348739
What are the prime factors of 4917880?
2, 5, 11, 11177
List the prime factors of 317773.
317773
List the prime factors of 3789997.
17, 222941
What are the prime factors of 6821573?
11, 17, 36479
What are the prime factors of 853924?
2, 213481
What are the prime factors of 9139156?
2, 13, 175753
What are the prime factors of 888298?
2, 503, 883
What are the prime factors of 198024?
2, 3, 37, 223
List the prime factors of 8284.
2, 19, 109
List the prime factors of 13175868.
2, 3, 31, 35419
List the prime factors of 1043320.
2, 5, 26083
What are the prime factors of 348730?
2, 5, 43, 811
What are the prime factors of 3248916?
2, 3, 11, 151, 163
List the prime factors of 455309.
455309
What are the prime factors of 966041?
966041
What are the prime factors of 2068073?
7, 295439
What are the prime factors of 136729?
73, 1873
What are the prime factors of 16077933?
3, 19, 31, 337
List the prime factors of 38515188.
2, 3, 277, 11587
What are the prime factors of 659842?
2, 359, 919
What are the prime factors of 49509?
3, 5501
List the prime factors of 137855.
5, 79, 349
What are the prime factors of 119173?
119173
List the prime factors of 2406816.
2, 3, 61, 137
List the prime factors of 3452973.
3, 73, 15767
What are the prime factors of 171306?
2, 3, 31, 307
What are the prime factors of 8720502?
2, 3, 7, 397, 523
What are the prime factors of 1132713?
3, 127, 991
W